{"id":16247,"date":"2022-04-08T16:30:37","date_gmt":"2022-04-08T14:30:37","guid":{"rendered":"https:\/\/odimet.eu\/?page_id=16247"},"modified":"2022-04-12T10:38:42","modified_gmt":"2022-04-12T08:38:42","slug":"contacts","status":"publish","type":"page","link":"https:\/\/odimet.eu\/fr\/contacts\/","title":{"rendered":"Contacts"},"content":{"rendered":"\n<p>Pour toute question compl\u00e9mentaire en ce qui concerne ce projet ODIMET, n&#8217;h\u00e9sitez pas \u00e0 contacter ses r\u00e9f\u00e9rentes : <\/p>\n\n\n\n<p><strong>Garance Simoneau en France : <\/strong>garance.simoneau@parlemonde.org<\/p>\n\n\n\n<p><strong>Claudia Mewald&nbsp;en Autriche : <\/strong>claudia.Mewald@ph-noe.ac.at<\/p>\n\n\n\n<p>Si vous souhaitez en d\u00e9couvrir plus sur les 3 partenaires europ\u00e9ens ayant pris part au projet, n&#8217;h\u00e9sitez pas \u00e0 faire un tour sur leur site internet :<\/p>\n\n\n\n<h2 class=\"wp-block-heading\">Par Le Monde<\/h2>\n\n\n\n<figure class=\"wp-block-embed is-type-wp-embed is-provider-association-par-le-monde wp-block-embed-association-par-le-monde\"><div class=\"wp-block-embed__wrapper\">\n<blockquote class=\"wp-embedded-content\" data-secret=\"aUHfwN0kv3\"><a href=\"https:\/\/www.parlemonde.org\/nous-rejoindre\/\">Nous rejoindre<\/a><\/blockquote><iframe loading=\"lazy\" class=\"wp-embedded-content\" sandbox=\"allow-scripts\" security=\"restricted\" style=\"position: absolute; clip: rect(1px, 1px, 1px, 1px);\" title=\"\u00ab\u00a0Nous rejoindre\u00a0\u00bb &#8212; Association Par Le Monde\" src=\"https:\/\/www.parlemonde.org\/nous-rejoindre\/embed\/#?secret=hArQARlIZ7#?secret=aUHfwN0kv3\" data-secret=\"aUHfwN0kv3\" width=\"600\" height=\"338\" frameborder=\"0\" marginwidth=\"0\" marginheight=\"0\" scrolling=\"no\"><\/iframe>\n<\/div><\/figure>\n\n\n\n<h2 class=\"wp-block-heading\">PH N\u00d6 <\/h2>\n\n\n\n<p><a href=\"https:\/\/www.ph-noe.ac.at\/de\/kontakt\">https:\/\/www.ph-noe.ac.at\/de\/kontakt<\/a><\/p>\n\n\n\n<h2 class=\"wp-block-heading\">Wemanity<\/h2>\n\n\n\n<p><a href=\"https:\/\/wemanity.com\/contact\/\">https:\/\/wemanity.com\/contact\/<\/a><\/p>\n","protected":false},"excerpt":{"rendered":"<p>Pour toute question compl\u00e9mentaire en ce qui concerne ce projet ODIMET, n&#8217;h\u00e9sitez pas \u00e0 contacter ses r\u00e9f\u00e9rentes : Garance Simoneau en France : garance.simoneau@parlemonde.org Claudia Mewald&nbsp;en Autriche : claudia.Mewald@ph-noe.ac.at Si vous souhaitez en d\u00e9couvrir plus sur les 3 partenaires europ\u00e9ens &hellip; <a class=\"kt-excerpt-readmore\" href=\"https:\/\/odimet.eu\/fr\/contacts\/\" aria-label=\"Contacts\">Lire la suite<\/a><\/p>\n","protected":false},"author":5081,"featured_media":0,"parent":0,"menu_order":0,"comment_status":"closed","ping_status":"closed","template":"","meta":{"kt_blocks_editor_width":"","footnotes":""},"class_list":["post-16247","page","type-page","status-publish","hentry"],"_links":{"self":[{"href":"https:\/\/odimet.eu\/fr\/wp-json\/wp\/v2\/pages\/16247","targetHints":{"allow":["GET"]}}],"collection":[{"href":"https:\/\/odimet.eu\/fr\/wp-json\/wp\/v2\/pages"}],"about":[{"href":"https:\/\/odimet.eu\/fr\/wp-json\/wp\/v2\/types\/page"}],"author":[{"embeddable":true,"href":"https:\/\/odimet.eu\/fr\/wp-json\/wp\/v2\/users\/5081"}],"replies":[{"embeddable":true,"href":"https:\/\/odimet.eu\/fr\/wp-json\/wp\/v2\/comments?post=16247"}],"version-history":[{"count":4,"href":"https:\/\/odimet.eu\/fr\/wp-json\/wp\/v2\/pages\/16247\/revisions"}],"predecessor-version":[{"id":16281,"href":"https:\/\/odimet.eu\/fr\/wp-json\/wp\/v2\/pages\/16247\/revisions\/16281"}],"wp:attachment":[{"href":"https:\/\/odimet.eu\/fr\/wp-json\/wp\/v2\/media?parent=16247"}],"curies":[{"name":"wp","href":"https:\/\/api.w.org\/{rel}","templated":true}]}}

<p>Pour toute question complémentaire en ce qui concerne ce projet ODIMET, n&#8217;hésitez pas à contacter ses référentes : </p>



<p><strong>Garance Simoneau en France : </strong>garance.simoneau@parlemonde.org</p>



<p><strong>Claudia Mewald&nbsp;en Autriche : </strong>claudia.Mewald@ph-noe.ac.at</p>



<p>Si vous souhaitez en découvrir plus sur les 3 partenaires européens ayant pris part au projet, n&#8217;hésitez pas à faire un tour sur leur site internet :</p>



<h2 class="wp-block-heading">Par Le Monde</h2>



<figure class="wp-block-embed is-type-wp-embed is-provider-association-par-le-monde wp-block-embed-association-par-le-monde"><div class="wp-block-embed__wrapper">
<blockquote class="wp-embedded-content" data-secret="aUHfwN0kv3"><a href="https://www.parlemonde.org/nous-rejoindre/">Nous rejoindre</a></blockquote><iframe loading="lazy" class="wp-embedded-content" sandbox="allow-scripts" security="restricted" style="position: absolute; clip: rect(1px, 1px, 1px, 1px);" title="« Nous rejoindre » &#8212; Association Par Le Monde" src="https://www.parlemonde.org/nous-rejoindre/embed/#?secret=hArQARlIZ7#?secret=aUHfwN0kv3" data-secret="aUHfwN0kv3" width="600" height="338" frameborder="0" marginwidth="0" marginheight="0" scrolling="no"></iframe>
</div></figure>



<h2 class="wp-block-heading">PH NÖ </h2>



<p><a href="https://www.ph-noe.ac.at/de/kontakt">https://www.ph-noe.ac.at/de/kontakt</a></p>



<h2 class="wp-block-heading">Wemanity</h2>



<p><a href="https://wemanity.com/contact/">https://wemanity.com/contact/</a></p>

<p>Pour toute question complémentaire en ce qui concerne ce projet ODIMET, n&#8217;hésitez pas à contacter ses référentes : Garance Simoneau en France : garance.simoneau@parlemonde.org Claudia Mewald&nbsp;en Autriche : claudia.Mewald@ph-noe.ac.at Si vous souhaitez en découvrir plus sur les 3 partenaires européens &hellip; <a class="kt-excerpt-readmore" href="https://odimet.eu/fr/contacts/" aria-label="Contacts">Lire la suite</a></p>
